vided by 214.
9
Calculate the remainder when 5341 is divided by 761.
14
Calculate the remainder when 923107 is divided by 409.
403
Calculate the remainder when 6524 is divided by 804.
92
Calculate the remainder when 162284 is divided by 14.
10
What is the remainder when 117212 is divided by 89?
88
What is the remainder when 6701 is divided by 37?
4
What is the remainder when 63514 is divided by 20868?
910
What is the remainder when 35943 is divided by 2551?
229
What is the remainder when 64975 is divided by 45?
40
What is the remainder when 5480747 is divided by 1673?
1672
What is the remainder when 445869 is divided by 21?
18
What is the remainder when 232850 is divided by 432?
2
What is the remainder when 62835 is divided by 283?
9
What is the remainder when 7986 is divided by 1993?
14
Calculate the remainder when 1584 is divided by 774.
36
What is the remainder when 3227 is divided by 59?
41
What is the remainder when 10664 is divided by 15?
14
Calculate the remainder when 1934240 is divided by 155.
150
Calculate the remainder when 2725 is divided by 855.
160
What is the remainder when 2356349 is divided by 46?
45
Calculate the remainder when 1056877 is divided by 22018.
13
Calculate the remainder when 19621 is divided by 356.
41
What is the remainder when 15637 is divided by 126?
13
Calculate the remainder when 14361 is divided by 76.
73
What is the remainder when 642815 is divided by 64?
63
Calculate the remainder when 106784 is divided by 587.
537
Calculate the remainder when 62137 is divided by 48.
25
What is the remainder when 18678 is divided by 4669?
2
What is the remainder when 4745505 is divided by 37?
33
What is the remainder when 41758 is divided by 53?
47
What is the remainder when 38543 is divided by 12?
11
Calculate the remainder when 153478 is divided by 23.
22
What is the remainder when 530054 is divided by 4?
2
What is the remainder when 101112 is divided by 54?
24
What is the remainder when 35694 is divided by 25?
19
What is the remainder when 31485 is divided by 32?
29
What is the remainder when 42336 is divided by 863?
49
What is the remainder when 11925 is divided by 115?
80
Calculate the remainder when 3069 is divided by 1533.
3
Calculate the remainder when 5508 is divided by 5497.
11
What is the remainder when 10392 is divided by 92?
88
What is the remainder when 13193 is divided by 120?
113
What is the remainder when 125863 is divided by 260?
23
What is the remainder when 9807 is divided by 576?
15
Calculate the remainder when 2139296 is divided by 17.
16
What is the remainder when 2976 is divided by 42?
36
What is the remainder when 345895 is divided by 14?
11
What is the remainder when 13414 is divided by 156?
154
Calculate the remainder when 32488 is divided by 534.
448
What is the remainder when 30178 is divided by 15074?
30
What is the remainder when 229298 is divided by 106?
20
What is the remainder when 1902 is divided by 125?
27
Calculate the remainder when 91679 is divided by 22915.
19
Calculate the remainder when 3630 is divided by 3582.
48
What is the remainder when 4337 is divided by 482?
481
What is the remainder when 85335 is divided by 845?
835
What is the remainder when 383175 is divided by 130?
65
What is the remainder when 6756 is divided by 1677?
48
Calculate the remainder when 9680 is divided by 2409.
44
Calculate the remainder when 156122 is divided by 31.
6
What is the remainder when 642999 is divided by 14?
7
Calculate the remainder when 187501 is divided by 1589.
1588
Calculate the remainder when 34175 is divided by 11383.
26
Calculate the remainder when 41281 is divided by 2069.
1970
What is the remainder when 83517 is divided by 30?
27
What is the remainder when 1167 is divided by 466?
235
What is the remainder when 1948 is divided by 638?
34
Calculate the remainder when 2484 is divided by 2336.
148
Calculate the remainder when 66072 is divided by 25.
22
Calculate the remainder when 132546 is divided by 22.
18
Calculate the remainder when 19446 is divided by 76.
66
What is the remainder when 240 is divided by 62?
54
What is the remainder when 4606 is divided by 165?
151
What is the remainder when 2242 is divided by 1050?
142
What is the remainder when 94118 is divided by 11?
2
What is the remainder when 671197 is divided by 200?
197
Calculate the remainder when 724999 is divided by 250.
249
Calculate the remainder when 9758 is divided by 1618.
50
Calculate the remainder when 5425 is divided by 194.
187
Calculate the remainder when 75399 is divided by 309.
3
Calculate the remainder when 30464 is divided by 44.
16
What is the remainder when 483299 is divided by 56?
19
Calculate the remainder when 26608 is divided by 331.
128
What is the remainder when 10287 is divided by 70?
67
Calculate the remainder when 2472 is divided by 3.
0
Calculate the remainder when 79532 is divided by 2.
0
What is the remainder when 29652 is divided by 29644?
8
Calculate the remainder when 772926 is divided by 85880.
6
Calculate the remainder when 843 is divided by 829.
14
Calculate the remainder when 65875 is divided by 180.
175
Calculate the remainder when 10844 is divided by 2946.
2006
What is the remainder when 8963 is divided by 74?
9
Calculate the remainder when 64473 is divided by 17.
9
Calculate the remainder when 3400 is divided by 91.
33
Calculate the remainder when 489779 is divided by 18.
17
What is the remainder when 5828 is divided by 2896?
36
What is the remainder when 66525 is divided by 33260?
5
Calculate the remainder when 325140 is divided by 162561.
18
What is the remainder when 9885 is divided by 1094?
39
Calculate the remainder when 20260 is divided by 20253.
7
Calculate the remainder when 46786 is divided by 197.
97
What is the remainder when 165 is divided by 10?
5
Calculate the remainder when 5596 is divided by 66.
52
Calculate the remainder when 64670 is divided by 43.
41
Calculate the remainder when 283 is divided by 50.
33
What is the remainder when 4264 is divided by 531?
16
Calculate the remainder when 18786 is divided by 1693.
163
What is the remainder when 17051 is divided by 3393?
86
Calculate the remainder when 160815 is divided by 874.
873
What is the remainder when 34128 is divided by 137?
15
Calculate the remainder when 12876 is divided by 41.
2
Calculate the remainder when 23229 is divided by 226.
177
What is the remainder when 2178970 is divided by 336?
10
Calculate the remainder when 7064 is divided by 444.
404
Calculate the remainder when 37942 is divided by 583.
47
Calculate the remainder when 3476 is divided by 64.
20
Calculate the remainder when 70929 is divided by 70924.
5
Calculate the remainder when 360 is divided by 49.
17
Calculate the remainder when 786 is divided by 637.
149
Calculate the remainder when 1342914 is divided by 1342913.
1
Calculate the remainder when 107902 is divided by 8979.
154
Calculate the remainder when 12046 is divided by 2308.
506
What is the remainder when 2657810 is divided by 897?
896
What is the remainder when 2762 is divided by 68?
42
What is the remainder when 20810 is divided by 263?
33
What is the remainder when 158611 is divided by 62?
15
Calculate the remainder when 37440 is divided by 174.
30
What is the remainder when 31804 is divided by 2429?
227
Calculate the remainder when 5603 is divided by 1615.
758
What is the remainder when 45877 is divided by 473?
469
What is the remainder when 255877 is divided by 338?
11
What is the remainder when 41620 is divided by 1156?
4
What is the remainder when 237855 is divided by 140?
135
What is the remainder when 8804 is divided by 677?
3
Calculate the remainder when 8608 is divided by 227.
209
Calculate the remainder when 18424 is divided by 3064.
40
Calculate the remainder when 1588758 is divided by 1083.
1080
Calculate the remainder when 47044 is divided by 240.
4
Calculate the remainder when 1876 is divided by 413.
224
What is the remainder when 64399 is divided by 96?
79
Calculate the remainder when 755 is divided by 126.
125
Calculate the remainder when 495623 is divided by 193.
192
What is the remainder when 4178 is divided by 55?
53
Calculate the remainder when 149380 is divided by 579.
577
What is the remainder when 6781 is divided by 339?
1
Calculate the remainder when 21137 is div